{"id":38,"date":"2020-07-16T14:58:26","date_gmt":"2020-07-16T12:58:26","guid":{"rendered":"https:\/\/metasystemportal-leitungsauskunft.de\/?page_id=38"},"modified":"2020-07-16T14:59:02","modified_gmt":"2020-07-16T12:59:02","slug":"leitungsauskunft","status":"publish","type":"page","link":"https:\/\/metasystemportal-leitungsauskunft.de\/leitungsauskunft\/","title":{"rendered":"Leitungsauskunft"},"content":{"rendered":"\n<h2 class=\"wp-block-heading\">Leitungsauskunft anfordern \u2013 Schritt f\u00fcr Schritt<\/h2>\n\n\n\n<p>Wenn Sie \u00fcber unser Portal Leitungsausk\u00fcnfte \/ Planausk\u00fcnfte \/ Trassenausk\u00fcnfte \/ Spartenausk\u00fcnfte \/ Netzausk\u00fcnfte anfordern m\u00f6chten, funktioniert das schnell und unkompliziert. Mit wenigen Klicks k\u00f6nnen Sie f\u00fcr Ihr Bauprojekt ganz individuell koordinierte Leitungspl\u00e4ne erstellen.<\/p>\n\n\n\n<p><\/p>\n","protected":false},"excerpt":{"rendered":"<p>Leitungsauskunft anfordern \u2013 Schritt f\u00fcr Schritt Wenn Sie \u00fcber unser Portal Leitungsausk\u00fcnfte \/ Planausk\u00fcnfte \/ Trassenausk\u00fcnfte \/ Spartenausk\u00fcnfte \/ Netzausk\u00fcnfte anfordern m\u00f6chten, funktioniert das schnell und unkompliziert. Mit wenigen Klicks k\u00f6nnen Sie f\u00fcr Ihr Bauprojekt ganz individuell koordinierte Leitungspl\u00e4ne erstellen.<\/p>\n","protected":false},"author":1,"featured_media":0,"parent":0,"menu_order":0,"comment_status":"closed","ping_status":"closed","template":"","meta":{"footnotes":""},"class_list":["post-38","page","type-page","status-publish","hentry"],"_links":{"self":[{"href":"https:\/\/metasystemportal-leitungsauskunft.de\/wp-json\/wp\/v2\/pages\/38","targetHints":{"allow":["GET"]}}],"collection":[{"href":"https:\/\/metasystemportal-leitungsauskunft.de\/wp-json\/wp\/v2\/pages"}],"about":[{"href":"https:\/\/metasystemportal-leitungsauskunft.de\/wp-json\/wp\/v2\/types\/page"}],"author":[{"embeddable":true,"href":"https:\/\/metasystemportal-leitungsauskunft.de\/wp-json\/wp\/v2\/users\/1"}],"replies":[{"embeddable":true,"href":"https:\/\/metasystemportal-leitungsauskunft.de\/wp-json\/wp\/v2\/comments?post=38"}],"version-history":[{"count":3,"href":"https:\/\/metasystemportal-leitungsauskunft.de\/wp-json\/wp\/v2\/pages\/38\/revisions"}],"predecessor-version":[{"id":227,"href":"https:\/\/metasystemportal-leitungsauskunft.de\/wp-json\/wp\/v2\/pages\/38\/revisions\/227"}],"wp:attachment":[{"href":"https:\/\/metasystemportal-leitungsauskunft.de\/wp-json\/wp\/v2\/media?parent=38"}],"curies":[{"name":"wp","href":"https:\/\/api.w.org\/{rel}","templated":true}]}}