{"id":81,"date":"2020-07-17T07:24:03","date_gmt":"2020-07-17T05:24:03","guid":{"rendered":"https:\/\/metasystemportal-leitungsauskunft.de\/?page_id=81"},"modified":"2022-06-16T08:17:01","modified_gmt":"2022-06-16T06:17:01","slug":"impressum","status":"publish","type":"page","link":"https:\/\/metasystemportal-leitungsauskunft.de\/impressum\/","title":{"rendered":"Impressum"},"content":{"rendered":"\n<h2 class=\"wp-block-heading\">Gis-Dienst GmbH<\/h2>\n\n\n\n<p>Lommatzscher Stra\u00dfe 6<\/p>\n\n\n\n<p>01587 Riesa<\/p>\n\n\n\n<p>Tel.: 03525-6576600<br>Fax : 03525-6576609<\/p>\n\n\n\n<p>Registergericht: Amtsgericht Leipzig<br>Registernummer: HRB 18481<br>Umsatzsteuer-ID-Nummer: DE219900604<\/p>\n\n\n\n<p>Gesch\u00e4ftsf\u00fchrer: Michael Gessel<br>Tel.: +49 (0)3437 910022<br>email: <a href=\"mailto:post@gis-dienst.de\">post@gis-dienst.de<\/a><\/p>\n\n\n\n<p>Gem\u00e4\u00df \u00a7 28 BDSG widersprechen wir jeder kommerziellen Verwendung und Weitergabe unserer Daten.<\/p>\n\n\n\n<h2 class=\"wp-block-heading\">Abgrenzung<\/h2>\n\n\n\n<p>Die Web-Pr\u00e4senz ist Teil des WWW und dementsprechend mit fremden, sich jederzeit wandeln k\u00f6nnenden Web-Sites verkn\u00fcpft, die folglich auch nicht diesem Verantwortungsbereich unterliegen und f\u00fcr die nachfolgende Informationen nicht gelten. Dass die Links weder gegen Sitten noch Gesetze versto\u00dfen, wurde genau einmal gepr\u00fcft: bevor sie hier aufgenommen wurden. Solche Links, die zu fremden Webprojekten f\u00fchren, erkennen Sie daran: neues Browserfenster<\/p>\n\n\n\n<p>Diensteanbieter: GIS-Dienst GmbH<\/p>\n\n\n\n<h2 class=\"wp-block-heading\">Datenschutz<\/h2>\n\n\n\n<p>Bitte <a href=\"https:\/\/gis-dienst.de\/?page_id=727\" target=\"_blank\" rel=\"noreferrer noopener\">hier klicken<\/a>, um die Datenschutzerkl\u00e4rung anzuzeigen.<\/p>\n\n\n\n<h2 class=\"wp-block-heading\">Keine Haftung<\/h2>\n\n\n\n<p>Die Inhalte dieses Webprojektes wurden sorgf\u00e4ltig gepr\u00fcft und nach bestem Wissen erstellt. Aber f\u00fcr die hier dargebotenen Informationen wird kein Anspruch auf Vollst\u00e4ndigkeit, Aktualit\u00e4t, Qualit\u00e4t und Richtigkeit erhoben. Es kann keine Verantwortung f\u00fcr Sch\u00e4den \u00fcbernommen werden, die durch das Vertrauen auf die Inhalte dieser Website oder deren Gebrauch entstehen.<\/p>\n\n\n\n<h2 class=\"wp-block-heading\">Schutzrechtsverletzung<\/h2>\n\n\n\n<p>Im Falle von Streitigkeiten bzw. Abmahnungen gegen geltendes Wettbewerbsrecht bzw. Fernabsatzgesetz bitten wir Sie, zur Vermeidung unn\u00f6tiger Rechtsstreite und Kosten, uns bereits im Vorfeld zu kontaktieren. Bitte nehmen Sie zur Kenntnis: Die zeitaufw\u00e4ndigere Einschaltung eines Anwaltes zur f\u00fcr den Diensteanbieter kostenpflichtigen Abmahnung entspricht nicht dessen wirklichem oder mutma\u00dflichem Willen. Die Kostennote einer anwaltlichen Abmahnung ohne vorhergehende Kontaktaufnahme wird im Sinne der Schadensminderungspflicht als unbegr\u00fcndet zur\u00fcckgewiesen. Bei einer unberechtigten Abmahnung bzw. Unterlassungserkl\u00e4rung wird eine negative Feststellungsklage eingereicht.<\/p>\n","protected":false},"excerpt":{"rendered":"<p>Gis-Dienst GmbH Lommatzscher Stra\u00dfe 6 01587 Riesa Tel.: 03525-6576600Fax : 03525-6576609 Registergericht: Amtsgericht LeipzigRegisternummer: HRB 18481Umsatzsteuer-ID-Nummer: DE219900604 Gesch\u00e4ftsf\u00fchrer: Michael GesselTel.: +49 (0)3437 910022email: post@gis-dienst.de Gem\u00e4\u00df \u00a7 28 BDSG widersprechen wir jeder kommerziellen Verwendung und Weitergabe unserer Daten. Abgrenzung Die Web-Pr\u00e4senz<\/p>\n","protected":false},"author":1,"featured_media":0,"parent":0,"menu_order":0,"comment_status":"closed","ping_status":"closed","template":"","meta":{"footnotes":""},"class_list":["post-81","page","type-page","status-publish","hentry"],"_links":{"self":[{"href":"https:\/\/metasystemportal-leitungsauskunft.de\/wp-json\/wp\/v2\/pages\/81","targetHints":{"allow":["GET"]}}],"collection":[{"href":"https:\/\/metasystemportal-leitungsauskunft.de\/wp-json\/wp\/v2\/pages"}],"about":[{"href":"https:\/\/metasystemportal-leitungsauskunft.de\/wp-json\/wp\/v2\/types\/page"}],"author":[{"embeddable":true,"href":"https:\/\/metasystemportal-leitungsauskunft.de\/wp-json\/wp\/v2\/users\/1"}],"replies":[{"embeddable":true,"href":"https:\/\/metasystemportal-leitungsauskunft.de\/wp-json\/wp\/v2\/comments?post=81"}],"version-history":[{"count":3,"href":"https:\/\/metasystemportal-leitungsauskunft.de\/wp-json\/wp\/v2\/pages\/81\/revisions"}],"predecessor-version":[{"id":421,"href":"https:\/\/metasystemportal-leitungsauskunft.de\/wp-json\/wp\/v2\/pages\/81\/revisions\/421"}],"wp:attachment":[{"href":"https:\/\/metasystemportal-leitungsauskunft.de\/wp-json\/wp\/v2\/media?parent=81"}],"curies":[{"name":"wp","href":"https:\/\/api.w.org\/{rel}","templated":true}]}}